ue
Is 615 a factor of 4731655?
False
Does 39 divide 3526224?
True
Does 172 divide 2054126?
False
Is 52 a factor of 7598604?
True
Is 199 a factor of 251337?
True
Does 306 divide 2504610?
True
Is 2 a factor of 175628?
True
Is 197077 a multiple of 34?
False
Does 2010 divide 24441165?
False
Is 3833262 a multiple of 34?
True
Is 27717 a multiple of 163?
False
Is 396 a factor of 8578751?
False
Does 24 divide 112752?
True
Does 217 divide 11084143?
True
Is 6703612 a multiple of 490?
False
Is 407 a factor of 589837?
False
Does 153 divide 6198795?
True
Is 463320 a multiple of 440?
True
Does 16 divide 91444?
False
Does 5 divide 121170?
True
Does 124 divide 2106531?
False
Is 425946 a multiple of 457?
False
Does 65 divide 1180790?
True
Is 25 a factor of 1192506?
False
Does 135 divide 1637280?
True
Is 24 a factor of 8514758?
False
Is 3485280 a multiple of 12?
True
Does 15 divide 31021?
False
Is 33 a factor of 122496?
True
Does 380 divide 307420?
True
Is 990990 a multiple of 198?
True
Is 137740 a multiple of 71?
True
Is 14 a factor of 1133732?
False
Does 337 divide 4067136?
False
Does 37 divide 5071323?
False
Does 848 divide 8946494?
False
Is 29 a factor of 24853?
True
Does 156 divide 946336?
False
Is 6288399 a multiple of 107?
False
Does 49 divide 2049909?
False
Does 36 divide 126972?
True
Is 410310 a multiple of 9?
True
Is 1137 a factor of 1207494?
True
Does 267 divide 105949?
False
Is 5 a factor of 47605?
True
Is 97104 a multiple of 96?
False
Is 19 a factor of 1284653?
False
Is 1249029 a multiple of 81?
False
Is 3 a factor of 40249?
False
Does 131 divide 266061?
True
Is 1396037 a multiple of 34?
False
Is 6 a factor of 215066?
False
Does 93 divide 111414?
True
Does 41 divide 10309252?
False
Is 4316916 a multiple of 861?
False
Is 207 a factor of 2047140?
False
Is 10928808 a multiple of 72?
True
Is 177046 a multiple of 24?
False
Is 24668 a multiple of 4?
True
Is 19 a factor of 360205?
False
Does 13 divide 181865?
False
Is 2261790 a multiple of 7?
False
Is 14 a factor of 2636226?
False
Does 6 divide 3536596?
False
Is 180306 a multiple of 21?
True
Is 239 a factor of 1939267?
False
Is 14629325 a multiple of 1325?
True
Does 650 divide 2382325?
False
Is 17861344 a multiple of 29?
False
Does 39 divide 1049039?
False
Is 1001 a factor of 1907906?
True
Is 730538 a multiple of 151?
True
Does 26 divide 38480?
True
Is 127076 a multiple of 966?
False
Is 316110 a multiple of 205?
True
Does 508 divide 2388425?
False
Is 755379 a multiple of 27?
True
Is 43 a factor of 22382?
False
Is 25 a factor of 22875?
True
Does 330 divide 203401?
False
Is 150495 a multiple of 66?
False
Is 16 a factor of 3464672?
True
Does 5 divide 1970?
True
Does 353 divide 57257?
False
Does 2 divide 17306?
True
Is 59366 a multiple of 2?
True
Is 88 a factor of 676368?
True
Is 31 a factor of 995379?
True
Does 266 divide 18636?
False
Is 8897924 a multiple of 28?
True
Is 12 a factor of 524174?
False
Is 8924 a multiple of 92?
True
Is 18 a factor of 8892?
True
Is 355806 a multiple of 54?
True
Is 34 a factor of 130143?
False
Is 11547756 a multiple of 148?
False
Is 13178 a multiple of 92?
False
Is 600 a factor of 1269000?
True
Does 13 divide 463424?
True
Does 209 divide 890549?
True
Is 554135 a multiple of 307?
True
Is 82765 a multiple of 44?
False
Is 334 a factor of 40080?
True
Is 17 a factor of 387824?
False
Is 268 a factor of 398784?
True
Is 164880 a multiple of 144?
True
Does 16 divide 6845641?
False
Is 378 a factor of 1404577?
False
Is 5 a factor of 7839?
False
Is 7 a factor of 4523813?
True
Is 43349 a multiple of 67?
True
Does 13 divide 198497?
True
Is 56593 a multiple of 9?
False
Does 74 divide 17316?
True
Does 18 divide 448020?
True
Is 1183 a factor of 894822?
False
Is 1458 a factor of 14179050?
True
Does 111 divide 1258788?
False
Does 59 divide 2910706?
True
Does 37 divide 64676?
True
Is 532208 a multiple of 29?
True
Is 128712 a multiple of 8?
True
Is 519 a factor of 1249255?
False
Is 19 a factor of 951785?
False
Does 73 divide 158483?
True
Is 30 a factor of 969240?
True
Is 142086 a multiple of 199?
True
Does 155 divide 13325195?
True
Is 135096 a multiple of 39?
True
Is 8 a factor of 21281?
False
Is 996683 a multiple of 31?
False
Is 471888 a multiple of 18?
True
Is 59696 a multiple of 208?
True
Is 41 a factor of 338730?
False
Is 174 a factor of 1406268?
True
Is 244 a factor of 165221?
False
Is 18 a factor of 3450067?
False
Is 102 a factor of 1369651?
False
Is 1462477 a multiple of 58?
False
Does 14 divide 4578616?
True
Is 1394 a factor of 3509828?
False
Is 84 a factor of 1024558?
False
Does 85 divide 7000?
False
Is 950055 a multiple of 15?
True
Does 17 divide 861870?
False
Does 264 divide 78599?
False
Is 152 a factor of 247970?
False
Does 20 divide 404416?
False
Is 94377 a multiple of 24?
False
Is 4696824 a multiple of 264?
True
Does 58 divide 130902?
False
Is 54 a factor of 7804?
False
Is 846264 a multiple of 11?
False
Is 3 a factor of 929965?
False
Does 6 divide 441100?
False
Does 23 divide 97014?
True
Does 4 divide 253092?
True
Does 10 divide 424897?
False
Does 55 divide 2170272?
False
Is 22 a factor of 7316516?
False
Is 1773450 a multiple of 1852?
False
Is 5 a factor of 3189642?
False
Is 3139 a multiple of 82?
False
Is 691224 a multiple of 2?
True
Is 95 a factor of 1253619?
False
Does 427 divide 15244754?
True
Is 85 a factor of 1127780?
True
Is 41 a factor of 320478?
False
Is 19 a factor of 3881985?
True
Does 332 divide 6826252?
True
Does 74 divide 197777?
False
Is 3564377 a multiple of 2?
False
Is 48 a factor of 767639?
False
Does 3 divide 8820?
True
Is 2353799 a multiple of 35?
False
Is 305 a factor of 543587?
False
Is 13 a factor of 101941?
False
Is 176 a factor of 1801360?
True
Is 46 a factor of 1817138?
True
Is 545 a factor of 909047?
False
Is 627750 a multiple of 45?
True
Is 261 a factor of 647633?
False
Is 12 a factor of 454056?
True
Does 11 divide 667810?
True
Does 138 divide 535768?
False
Is 355971 a multiple of 21?
True
Is 1298555 a multiple of 4?
False
Is 110370 a multiple of 601?
False
Is 13398 a multiple of 284?
False
Is 154 a factor of 720537?
False
Is 177 a factor of 723222?
True
Is 15147000 a multiple of 132?
True
Is 460858 a multiple of 1759?
True
Does 225 divide 1328284?
False
Is 2314280 a multiple of 3?
False
Is 3 a factor of 2217484?
False
Does 496 divide 148974?
False
Does 3 divide 69417?
True
Does 202 divide 5701272?
False
Does 6 divide 128551?
False
Is 594 a factor of 907632?
True
Is 62784 a multiple of 36?
True
Is 237088 a multiple of 91?
False
Is 97168 a multiple of 8?
True
Is 716837 a multiple of 653?
False
Is 388637 a multiple of 306?
False
Is 52 a factor of 318007?
False
Does 147 divide 2013987?
False
Is 123 a factor of 13479153?
False
Is 154 a factor of 9071986?
True
Is 543612 a multiple of 89?
True
Does 174 divide 120060?
True
Is 15 a factor of 2096571?
False
Does 14 divide 628743?
False
Does 16 divide 2720907?
False
Does 6 divide 172840?
False
Does 44 divide 2045076?
True
Is 13 a factor of 85748?
True
Does 1308 divide 1742956?
False
Does 9 divide 53541?
True
Is 43 a factor of 14425429?
False
Is 96 a factor of 828893?
False
Does 17 divide 7842491?
True
Does 59 divide 3194968?
True
Is 23 a factor of 141841?
True
Is 2262159 a multiple of 57?
True
Is 21 a factor of 16724631?
True
Does 27 divide 1673217?
True
Is 82824 a multiple of 102?
True
Is 24 a factor of 1988904?
True
Is 10480014 a multiple of 13?
False
Is 22 a factor of 2072232?
False
Does 40 divide 1722476?
False
Does 3 divide 124833?
True
Is 2753 a factor of 27072294?
False
Is 20 a factor of 3942721?
False
Does 33 divide 69136?
False
Is 1235030 a multiple of 38?
False
Is 1984129 a multiple of 9?
False
Is 14068889 a multiple of 307?
True
Does 8 divide 142400?
True
Is 762003 a multiple of 47?
False
Does 230 divide 83030?
True
Does 14 divide 128388?
False
Is 712046 a multiple of 29?
False
Is 2127155 a multiple of 23?
True
Is 66 a factor of 163692?
False
Does 24 divide 186082?
False
Is 9246 a multiple of 402?
True
Is 946668 a multiple of 39?
False
Does 71 divide 292293?
False
Is 1217 a factor of 16475887?
False
Is 388 a factor of 2979762?
False
Is 962 a factor of 7839143?
False
Is 22 a factor of 6178665?
False
Does 81 divide 8865693?
True
Does 78 divide 1259378?
False
Does 23 divide 47594?
False
Is 807780 a multipl